4 and 756?
252
What is the greatest common factor of 425626 and 354?
118
What is the greatest common divisor of 9334 and 182?
26
What is the highest common factor of 267 and 1664300?
89
Calculate the highest common divisor of 7744 and 3300.
44
Calculate the greatest common factor of 998734 and 5566.
242
What is the highest common factor of 189340 and 420?
20
What is the highest common factor of 1782 and 11143?
11
What is the greatest common divisor of 186 and 611568?
186
What is the greatest common factor of 55 and 228745?
55
Calculate the greatest common divisor of 1140 and 2092660.
380
What is the greatest common factor of 9 and 35541?
9
What is the greatest common factor of 1125 and 136605?
15
What is the greatest common factor of 18721 and 772?
193
What is the highest common factor of 22231 and 517?
517
What is the highest common divisor of 13454 and 23374?
62
Calculate the highest common divisor of 63396 and 999.
27
What is the greatest common divisor of 44116 and 492?
164
Calculate the highest common divisor of 8048 and 250494.
1006
Calculate the greatest common factor of 16 and 21992.
8
What is the highest common divisor of 38 and 921386?
38
Calculate the greatest common divisor of 590183 and 11.
11
What is the greatest common divisor of 342023 and 54870?
1829
Calculate the highest common factor of 47 and 1874266.
47
Calculate the greatest common factor of 37772 and 112.
28
Calculate the greatest common divisor of 388 and 528.
4
What is the highest common divisor of 32428 and 10?
2
Calculate the greatest common divisor of 117589 and 119.
17
Calculate the greatest common factor of 18510 and 298628.
1234
Calculate the highest common factor of 19820 and 352.
4
What is the greatest common divisor of 320 and 2771?
1
What is the greatest common factor of 16 and 30788?
4
What is the highest common factor of 23139 and 26567?
857
What is the highest common divisor of 299 and 206609?
299
What is the greatest common divisor of 133195 and 1615?
85
What is the greatest common factor of 990 and 68640?
330
What is the highest common factor of 46 and 4303898?
46
Calculate the greatest common factor of 5240 and 24720.
40
What is the greatest common divisor of 171 and 980647?
19
Calculate the highest common factor of 307546 and 734.
734
What is the highest common factor of 5132 and 76?
4
Calculate the highest common factor of 675 and 40050.
225
Calculate the greatest common factor of 81613 and 1424.
89
Calculate the greatest common factor of 195 and 270435.
15
Calculate the highest common divisor of 316340 and 20.
20
Calculate the greatest common divisor of 46 and 46529.
23
Calculate the highest common factor of 33054 and 882.
42
Calculate the greatest common divisor of 4070 and 15070.
110
What is the greatest common divisor of 1320397 and 13?
13
What is the greatest common divisor of 14792160 and 120?
120
What is the greatest common factor of 4464423 and 36?
9
What is the highest common divisor of 92778 and 42?
42
Calculate the greatest common divisor of 251676 and 153.
9
Calculate the highest common divisor of 13552 and 680141.
847
Calculate the greatest common factor of 11816 and 364.
28
Calculate the highest common divisor of 435 and 63075.
435
Calculate the greatest common divisor of 945 and 210840.
105
What is the highest common factor of 429 and 68679?
39
Calculate the highest common divisor of 4057956 and 42.
42
Calculate the highest common divisor of 51 and 106503.
3
What is the highest common divisor of 209 and 38?
19
What is the greatest common factor of 165 and 93115?
55
What is the highest common factor of 27956 and 6507?
241
Calculate the greatest common factor of 4186 and 162610.
322
What is the greatest common divisor of 195 and 742807?
13
Calculate the highest common divisor of 1074 and 96123.
537
What is the greatest common factor of 31279 and 3875?
31
Calculate the greatest common divisor of 9625 and 8393.
77
Calculate the greatest common divisor of 1976 and 355992.
104
Calculate the greatest common divisor of 496482 and 42.
42
Calculate the highest common factor of 290 and 65279.
29
What is the greatest common factor of 1190 and 1938?
34
What is the greatest common factor of 614940 and 960?
60
Calculate the highest common factor of 76111 and 8253.
917
Calculate the greatest common factor of 407 and 1199.
11
Calculate the highest common divisor of 15756 and 936.
156
What is the highest common divisor of 9760 and 27572?
244
What is the greatest common factor of 3685 and 572?
11
Calculate the greatest common divisor of 25334 and 212.
106
What is the highest common factor of 615 and 155923?
41
What is the greatest common divisor of 2880 and 10335?
15
Calculate the highest common divisor of 9272 and 23912.
488
What is the greatest common factor of 147900 and 87?
87
Calculate the highest common divisor of 380 and 5206.
38
What is the greatest common divisor of 16552350 and 2010?
2010
Calculate the greatest common factor of 30734 and 726.
242
Calculate the highest common divisor of 1635 and 4451015.
545
Calculate the greatest common divisor of 3792 and 496.
16
Calculate the greatest common divisor of 235032 and 504.
168
Calculate the greatest common factor of 624196 and 116.
116
Calculate the highest common divisor of 49825 and 50.
25
Calculate the greatest common divisor of 36317 and 23.
23
Calculate the highest common divisor of 169762 and 272.
34
What is the greatest common factor of 39025 and 700?
175
Calculate the greatest common factor of 9418 and 119.
17
Calculate the highest common factor of 4598 and 13068.
242
What is the greatest common factor of 1155 and 74085?
165
Calculate the highest common divisor of 549 and 1000644.
183
Calculate the highest common factor of 23 and 149914.
23
What is the highest common divisor of 124844 and 644?
92
Calculate the highest common divisor of 1937718 and 1494.
1494
Calculate the highest common divisor of 29 and 1691773.
29
Calculate the greatest common divisor of 728 and 63770.
14
What is the greatest common divisor of 12 and 1574?
2
Calculate the highest common factor of 141 and 29939.
47
What is the greatest common divisor of 126 and 834?
6
Calculate the greatest common factor of 11115 and 113715.
855
What is the greatest common factor of 7809 and 741?
57
What is the highest common divisor of 9394 and 154?
154
Calculate the highest common factor of 172623 and 1551.
33
What is the highest common factor of 4869 and 41116?
541
Calculate the highest common divisor of 1536 and 1704.
24
Calculate the greatest common divisor of 774 and 450.
18
Calculate the greatest common factor of 26217 and 54.
27
What is the greatest common divisor of 133622 and 20590?
142
Calculate the highest common divisor of 2134 and 45202.
194
Calculate the greatest common factor of 86538 and 24.
6
What is the highest common divisor of 13 and 385619?
13
What is the greatest common factor of 680 and 2476560?
680
Calculate the greatest common divisor of 2540079 and 729.
243
Calculate the highest common factor of 15364 and 6.
2
What is the greatest common divisor of 728 and 623056?
56
Calculate the greatest common factor of 22 and 6054554.
22
What is the greatest common factor of 1540 and 2603370?
770
What is the greatest common factor of 303 and 57671?
101
What is the greatest common factor of 40765 and 4960?
155
What is the highest common factor of 4338 and 1368?
18
Calculate the highest common divisor of 243486 and 1593.
27
Calculate the highest common divisor of 1382542 and 714.
238
What is the greatest common factor of 17759 and 141470?
301
What is the greatest common factor of 654 and 543147?
327
What is the greatest common divisor of 6678 and 29043?
63
Calculate the highest common factor of 2763 and 93328.
307
Calculate the highest common factor of 90376 and 22.
22
What is the highest common divisor of 11254 and 170?
34
What is the highest common divisor of 312685 and 115?
115
Calculate the highest common factor of 11144 and 157409.
1393
Calculate the highest common divisor of 10528 and 141.
47
Calculate the greatest common divisor of 187 and 150161.
187
Calculate the highest common divisor of 928 and 6322.
58
Calculate the greatest common factor of 13489 and 235.
47
What is the greatest common factor of 2603 and 10001